x**3 + 84*x**2 - 145*x - 53. Determine w(2).
-2095
Let z(j) = -5382*j + 678078. Give z(126).
-54
Let c(f) = 290431*f + 3194763. Determine c(-11).
22
Let x(k) = 5252*k + 1418034. Give x(-270).
-6
Let m(f) = -3438607*f**2 - 13754424*f + 12. What is m(-4)?
-4
Let v(o) = 8803*o + 73487. Determine v(-8).
3063
Let h(r) = 4*r**2 - 528*r + 1. Give h(132).
1
Let t(n) = n**3 + 58*n**2 - 9*n - 1184. Give t(-58).
-662
Let n(y) = 79122*y - 1740695. Give n(22).
-11
Let z(k) = 8*k - 2268. Determine z(158).
-1004
Let f(a) = 2*a**3 + 18*a**2 - 30*a + 1875. Calculate f(-15).
-375
Let h(u) = -u**3 - 23*u**2 + 2785*u + 56900. Calculate h(-20).
0
Let y(v) = -1799*v - 696202. Give y(-387).
11
Let t(l) = -l**2 + 266*l - 10451. Calculate t(219).
-158
Let y(k) = -k**2 + 3654*k - 771525. Calculate y(225).
0
Let k(a) = 12*a**2 + 1255*a + 1887. Determine k(-103).
-70
Let m(d) = -6*d**2 - 345*d - 504. Calculate m(-56).
0
Let s(q) = -42*q**2 + 4491*q + 158661. Calculate s(-28).
-15
Let u(p) = 1194*p + 44359. What is u(-37)?
181
Let l(j) = j**3 + 326*j**2 - 10498*j + 5886. What is l(29)?
-1
Let u(r) = -r**3 + 25*r**2 - 264*r + 6713. What is u(28)?
-3031
Let o(r) = -423*r - 10487. What is o(-25)?
88
Let i(k) = k**3 + 12*k**2 - 490*k - 1963. What is i(-4)?
125
Let y(d) = 3848*d - 77009. Calculate y(20).
-49
Let i(k) = -21999*k + 329981. Give i(15).
-4
Let d(y) = 2642*y + 132670. Determine d(-50).
570
Let f(x) = 9*x**2 - 498*x - 7152. Calculate f(-12).
120
Let c(n) = -n**3 - 81*n**2 + 117*n - 4081. Determine c(-83).
-14
Let o(d) = 238*d**2 + 2213*d + 634. What is o(-9)?
-5
Let z(g) = g**3 + 4*g**2 + 136*g + 1085. Calculate z(-8).
-259
Let s(d) = -8*d**3 + 594*d**2 + 1062*d + 158. What is s(76)?
6
Let k(j) = j**2 + 2764*j + 568951. Give k(-224).
-9
Let n(l) = -404*l + 14531. Determine n(44).
-3245
Let l(h) = 437*h - 62803. Determine l(142).
-749
Let n(y) = -424*y + 391347. Give n(923).
-5
Let u(z) = 12118*z - 230262. Calculate u(19).
-20
Let a(v) = -v**3 + 22*v**2 + 112*v - 999. Give a(27).
-1620
Let z(k) = -2328*k + 13543. Give z(6).
-425
Let k(w) = 290*w**2 + 1409*w - 7. Calculate k(-5).
198
Let z(h) = -h**3 + 51*h**2 - 9*h - 4362. Determine z(49).
-1
Let c(f) = -38772*f - 891765. Determine c(-23).
-9
Let i(r) = -r**3 + 13*r**2 + 44*r - 255. What is i(16)?
-319
Let o(z) = -196*z**2 - 3917*z + 141. Give o(-20).
81
Let d(h) = -90*h + 85073. What is d(945)?
23
Let d(i) = i**3 - 13419*i**2 + 80482*i - 31. Calculate d(6).
-7
Let f(s) = -327*s - 31388. Calculate f(-98).
658
Let c(o) = -o**2 - 492*o + 14372. What is c(27)?
359
Let l(o) = -39874*o - 239245. Calculate l(-6).
-1
Let n(h) = 18*h**3 + 5*h**2 - 6452*h + 6445. Give n(1).
16
Let z(d) = d**2 - 61*d + 952. Determine z(42).
154
Let g(x) = -4864*x + 199547. Calculate g(41).
123
Let w(i) = 98*i + 2591. Calculate w(5).
3081
Let c(l) = 3*l**2 + 808*l + 36769. Calculate c(-58).
-3
Let h(k) = 17*k**2 - 1120*k + 1352. Calculate h(65).
377
Let x(v) = -v**2 + 39536*v - 15576921. Calculate x(398).
3
Let s(z) = 2*z**3 - 268*z**2 + 5452*z - 138. Give s(109).
80
Let s(b) = -b**3 - 110*b**2 - 1735*b - 100. Determine s(-19).
14
Let w(x) = -5115*x + 25594. Calculate w(5).
19
Let t(d) = -6*d**3 + 40*d**2 - 256*d + 421. Give t(3).
-149
Let o(x) = 2*x**2 - 1615*x + 253665. Determine o(594).
27
Let t(r) = 736*r**3 - 37527*r**2 - 453*r - 114. Determine t(51).
192
Let b(u) = -2044*u - 73586. Calculate b(-36).
-2
Let i(v) = v**3 - 393*v**2 - 3219*v + 4163. Give i(401).
-248
Let j(y) = -572*y + 7372. Give j(14).
-636
Let f(d) = 13*d**3 - 25*d - 35. Determine f(-3).
-311
Let o(k) = -774*k + 16876. Give o(22).
-152
Let f(a) = -a**2 - 633*a + 7113. Determine f(11).
29
Let z(d) = 15*d - 4552. Determine z(305).
23
Let z(a) = -21*a**2 - 720*a - 5013. Calculate z(-7).
-1002
Let s(p) = p**3 + 25*p**2 + 167*p + 519. Calculate s(-17).
-8
Let q(u) = 5*u**2 - 54892*u + 164648. Calculate q(3).
17
Let u(n) = -34*n**2 + 60*n + 2276. Calculate u(-10).
-1724
Let s(b) = -b**3 - 11*b**2 - 50*b - 80. Calculate s(-2).
-16
Let u(i) = -3*i**3 - 5*i**2 - 55*i + 248. Calculate u(-9).
2525
Let g(k) = -66891*k + 468237. What is g(7)?
0
Let h(b) = -41504*b - 1328139. Give h(-32).
-11
Let k(f) = 56*f**2 - 2463*f - 53. Calculate k(44).
-9
Let c(b) = -b**3 - 24*b**2 + 945*b + 7455. Determine c(-7).
7
Let d(x) = 9175*x - 367033. Give d(40).
-33
Let l(y) = 36*y**3 + 522*y**2 - 256*y + 146. Give l(-15).
-64
Let l(y) = -1301*y - 6812. What is l(-6)?
994
Let x(b) = 1252*b - 19541. What is x(15)?
-761
Let d(a) = -2*a**2 - 6570*a + 1737248. What is d(246)?
-4
Let x(j) = j**2 - 1645*j + 273970. What is x(188)?
54
Let h(k) = -618*k**2 + 192812*k + 1272. Give h(312).
24
Let g(p) = -568817*p + 3981690. Determine g(7).
-29
Let w(i) = -47094*i - 17707337. Calculate w(-376).
7
Let q(t) = 3784967*t - 22709795. Give q(6).
7
Let w(x) = -6*x**3 + 102*x**2 + 346*x - 5914. What is w(17)?
-32
Let c(t) = -t**3 + 27*t**2 - 215*t + 346. Give c(15).
-179
Let t(m) = -78*m**2 + 404*m - 187. Determine t(4).
181
Let s(u) = -u**3 - 159*u**2 - 3571*u - 62. What is s(-27)?
127
Let c(p) = -2*p**3 + 22*p**2 + 38*p - 225. Give c(12).
-57
Let n(h) = -15315*h + 321356. Give n(21).
-259
Let s(c) = c**3 + 96*c**2 + 503*c - 2987. Determine s(-90).
343
Let p(q) = -q**3 - 137*q**2 - 2250*q - 604. What is p(-118)?
340
Let v(w) = w**2 - 85*w - 1003. Give v(-10).
-53
Let u(g) = 65*g - 10741. Calculate u(123).
-2746
Let q(n) = -n**3 - 32*n**2 + 196*n - 2984. Give q(-39).
19
Let o(u) = 5*u**3 - 5*u**2 + 4*u - 2505. What is o(0)?
-2505
Let o(z) = 158*z**2 - 2505*z + 4083. Give o(14).
-19
Let q(f) = -f**3 - 63*f**2 + 99*f + 2452. Determine q(-64).
212
Let n(z) = -343*z**3 - 3*z**2 + 19310*z + 19312. What is n(-1)?
342
Let m(p) = -4*p**2 - 569*p - 916. Calculate m(-133).
4005
Let c(x) = x**2 - 83*x - 164. Calculate c(85).
6
Let v(j) = -j**3 + 53*j**2 + 57*j - 3017. Calculate v(53).
4
Let k(y) = 490*y**3 + y**2 - y. What is k(1)?
490
Let j(y) = -y**3 + 299*y**2 - 2156*y + 32711. Calculate j(292).
7
Let i(q) = q**3 - 30*q**2 + 82*q - 19. Give i(28).
709
Let q(f) = f**3 - 44*f**2 + 224*f + 259. Calculate q(38).
107
Let s(f) = -5596*f - 369315. Give s(-66).
21
Let y(x) = -x**3 - 230*x**2 - 3171*x - 2060. Calculate y(-14).
-2
Let u(x) = 42453*x - 594656. Determine u(14).
-314
Let p(h) = 8*h**3 - 323*h**2 + 106*h - 88. Determine p(40).
-648
Let y(n) = -86*n + 1202. Determine y(22).
-690
Let b(s) = 60*s**2 + 1624*s - 153. Determine b(-22).
-6841
Let p(o) = 530*o + 4357. Give p(-9).
-413
Let o(i) = -4*i**2 + 130*i + 916. Determine o(-6).
-8
Let w(k) = k**2 - 147*k + 3106. Calculate w(24).
154
Let b(i) = 27*i**3 + 15861*i**2 + 15864*i + 4. What is b(-1)?
-26
Let b(o) = 10*o**2 + 844*o + 5235. What is b(-85)?
5745
Let h(m) = -5445*m + 185131. Give h(34).
1
Let x(y) = 603*y**2 + 31958*y - 75. Determine x(-53).
-22
Let y(q) = q**3 - 1302*q**2 + 47029*q - 283356. What is y(1265)?
4
Let c(l) = 377*l + 37206. Give c(-106).
-2756
Let p(h) = -96154*h + 480782. What is p(5)?
12
Let r(o) = -10412*o + 62496. Give r(6).
24
Let u(v) = -542*v - 15496. Determine u(-29).
222
Let t(z) = 2*z**2 - 47546*z + 95087. What is t(2)?
3
Let d(z) = -9453*z + 4792652. Determine d(507).
-19
Let m(p) = -619*p**2 - 13616*p + 28. Determine m(-22).
-16
Let y(x) = -5979*x + 17936. Give y(3).
-1
Let b(t) = -t**3 + 917*t**2 - 3136*t + 360116. What is b(914)?
0
Let h(u) = -u**2 + 5314*u + 926690. Give h(-169).
63
Let b(s) = -9732*s + 29200. Give b(3).
4
Let y(c) = 50*c**2 + 966*c - 4237. What is y(-23)?
-5
Let s(m) = -7*m**3 - 10*m**2 + 175*m + 386. What is s(-2)?
52
Let f(j) = 7642*j**2 + 45977*j + 758. Give f(-6).
8
Let r(w) = -w**2 - 8781*w - 859518. Calculate r(-99).
0
Let u(t) = 4*t**3 + 44*t**2 + 143*t - 21. Give u(-6).
-159
Let x(r) = r**3 - 175*r**2 - 827*r + 19843. What is x(179)?
-26
Let l(n) = -290*n - 126223. Give l(-435).
-73
Let u(g) = -g**3 + 11*g**2 + 100. Determine u(11).
100
Let f(a) = a**3 + 320*a**2 + 2804*a + 45. What is f(-9)?
0
Let n(s) = 82294*s - 411420. Determine n(5).
50
Let a(s) = -3074*s + 657829. What is a(214)?
-7
Let a(b) = -b**3 - 31*b**2 + 17*b + 2173. Give a(-30).
763
Let q(g) = 53*g**2 + 18233*g + 372. Calculate q(-344).
28
Let d(y) = -2940*y + 85263. What is d(29)?
3
Let m(w) = 853*w + 470371. Give m(-551).
368
Let t(r) = 2*r**3 - 39